143077563799 a composite number?
True
Is 260627273 prime?
True
Is 9595527259 composite?
False
Is 3771219349 a composite number?
True
Is 1532149079 prime?
False
Is 3195685978 composite?
True
Is 9617107727 composite?
True
Is 2532249107 a composite number?
False
Is 10445096357 a composite number?
False
Is 708315177289 a composite number?
True
Is 9735255119 composite?
True
Is 11516125519 composite?
False
Is 4375431033 composite?
True
Is 1796126929 a composite number?
True
Is 15761182133 composite?
True
Is 8479516879 composite?
False
Is 793020629 a composite number?
False
Is 26348258829 prime?
False
Is 186797707333 a prime number?
True
Is 2210986679 prime?
False
Is 4204197379 a prime number?
True
Is 3364155343 prime?
True
Is 834488267 a composite number?
False
Is 1590973793 prime?
True
Is 1082707057 prime?
False
Is 431450119 prime?
False
Is 26115050581 a composite number?
True
Is 142193756909 a composite number?
False
Is 1388852923 a composite number?
True
Is 54313365037 a prime number?
False
Is 1515577709 a prime number?
False
Is 2474668307 a composite number?
False
Is 1535425981 a composite number?
False
Is 17904437807 composite?
False
Is 9857990621 a composite number?
False
Is 94378937901 a prime number?
False
Is 466882373 prime?
False
Is 146417302657 a composite number?
False
Is 113961643 prime?
False
Is 14171004317 prime?
True
Is 883268443 prime?
False
Is 39981034963 a prime number?
False
Is 2472171193 prime?
True
Is 249409021 prime?
True
Is 6833463229 composite?
True
Is 26092762937 a prime number?
True
Is 30374217127 prime?
True
Is 4737109 a composite number?
True
Is 55703982271 a composite number?
True
Is 174871868827 a prime number?
True
Is 3512389 a composite number?
False
Is 1773590633 a prime number?
True
Is 202876459 composite?
False
Is 3023555113 composite?
True
Is 19321729729 composite?
True
Is 1832120621 a composite number?
True
Is 1811416751 a prime number?
True
Is 18212835227 a prime number?
True
Is 1190982953 prime?
True
Is 1585857901 a composite number?
True
Is 117372405571 prime?
True
Is 8993140187 prime?
True
Is 493401371 a composite number?
False
Is 82502627959 composite?
True
Is 5345194763 prime?
True
Is 169759753 prime?
True
Is 1179771757 a prime number?
True
Is 439344949 composite?
False
Is 1124889011 prime?
True
Is 1142723609 a prime number?
False
Is 572154367 composite?
False
Is 34383305183 composite?
True
Is 2551524551 composite?
True
Is 1083761837 a prime number?
True
Is 44803736671 a prime number?
False
Is 170083778483 prime?
False
Is 1636117849 a composite number?
True
Is 2536948753 a composite number?
True
Is 397451827 a prime number?
False
Is 974255063 composite?
True
Is 40952521859 a composite number?
True
Is 2714287067 a composite number?
False
Is 34093212341 a prime number?
True
Is 5241278621 a composite number?
True
Is 411163801 a prime number?
False
Is 1169357899 composite?
False
Is 5652011003 a composite number?
False
Is 2065111537 prime?
True
Is 38344115 prime?
False
Is 706637377 a composite number?
True
Is 1299523301 a composite number?
False
Is 3126051143 a prime number?
False
Is 3949199777 a composite number?
False
Is 2508582023 a prime number?
True
Is 292028761 a composite number?
False
Is 10849965163 a composite number?
True
Is 18589631567 prime?
False
Is 641197771 prime?
True
Is 273753397819 a composite number?
True
Is 1127049137 a prime number?
False
Is 5688582949 prime?
False
Is 610126351 a composite number?
False
Is 850215281 prime?
False
Is 4621591031 a composite number?
True
Is 252170821951 a composite number?
True
Is 91205003 a composite number?
False
Is 1160736221 a prime number?
True
Is 1576178221 prime?
True
Is 317824151 composite?
False
Is 1944571823 a composite number?
True
Is 1098918581 prime?
True
Is 3050727539 a composite number?
False
Is 3424910857 composite?
False
Is 17310039839 prime?
True
Is 112901197 a composite number?
True
Is 9289863923 composite?
False
Is 2219169643 a prime number?
True
Is 1016938099 a composite number?
True
Is 440114111 a prime number?
True
Is 4855945499 a composite number?
True
Is 3654569341 prime?
True
Is 4667881709 a composite number?
True
Is 2093097151 a prime number?
True
Is 25336226147 composite?
False
Is 4679088871 prime?
False
Is 140476827597 a composite number?
True
Is 148880062355 composite?
True
Is 293454937 a composite number?
False
Is 15342446941 composite?
False
Is 151252041539 prime?
False
Is 17187779302 composite?
True
Is 9866983943 prime?
False
Is 103646554883 composite?
False
Is 13737425917 a composite number?
False
Is 311079753069 prime?
False
Is 104904762503 composite?
True
Is 2924834747 composite?
False
Is 366183443 composite?
True
Is 146510059 a prime number?
False
Is 48367598239 a composite number?
True
Is 218471541 prime?
False
Is 79695570949 composite?
False
Is 4725996469 prime?
False
Is 22294416245 composite?
True
Is 728275322 a prime number?
False
Is 770165177 composite?
True
Is 6384837773 a composite number?
True
Is 4985004733 a composite number?
False
Is 1671081059 prime?
False
Is 2572673729 a prime number?
False
Is 36646214498 composite?
True
Is 1313394521 a composite number?
True
Is 374912063 a prime number?
True
Is 7471314997 prime?
True
Is 22496679199 a composite number?
True
Is 60768502435 prime?
False
Is 21263683757 a composite number?
True
Is 1288298366 a prime number?
False
Is 30439707073 composite?
True
Is 1082393327 composite?
False
Is 8905519339 a prime number?
False
Is 1282379347 a prime number?
False
Is 22825375891 prime?
False
Is 27682565951 prime?
True
Is 2387102519 a composite number?
True
Is 9091917811 composite?
False
Is 2705034833 composite?
False
Is 6051730723 a prime number?
True
Is 4125577 prime?
False
Is 604413317 prime?
True
Is 372664759 a prime number?
False
Is 475187783 a prime number?
False
Is 6744343423 a composite number?
False
Is 25309875263 a prime number?
True
Is 329979509 a prime number?
False
Is 17216521313 a composite number?
False
Is 3197664763 prime?
True
Is 568748797 prime?
True
Is 12823093739 composite?
True
Is 1499012729 prime?
False
Is 3579309347 prime?
False
Is 3809709223 prime?
True
Is 1862926981 prime?
True
Is 11680645909 a prime number?
True
Is 58340921 composite?
False
Is 15696556321 a composite number?
True
Is 5746835383 prime?
True
Is 4836046073 a composite number?
False
Is 10430542587 a composite number?
True
Is 153735766073 prime?
True
Is 106188329 a composite number?
True
Is 663060737 a prime number?
True
Is 205712033 composite?
False
Is 1937094491 prime?
False
Is 4396356047 composite?
True
Is 367789141 composite?
False
Is 143651933 a prime number?
False
Is 6018065231 prime?
False
Is 1169443637 composite?
False
Is 60148195763 prime?
False
Is 53293659143 a composite number?
False
Is 39547238803 a composite number?
False
Is 15237513563 composite?
False
Is 5925209617 a composite number?
True
Is 419458139 a prime number?
True
Is 3775924147 a prime number?
True
Is 6645561413 a prime number?
True
Is 18128798999 a prime number?
True
Is 48568586299 composite?
False
Is 6626683981 a composite number?
False
Is 239202791 composite?
False
Is 1473459721 a composite number?
False
Is 65354460991 composite?
False
Is 8154476329 a prime number?
True
Is 32846822081 a composite number?
False
Is 204356486 prime?
False
Is 960546179 prime?
False
Is 1563984403 composite?
False
Is 20994374686 a composite number?
True
Is 1409801923 prime?
True
Is 554021411 prime?
False
Is 92336591 prime?
True
Is 61638110221 prime?
True
Is 947129199 prime?
False
Is 2833531073 a composite number?
False
Is 407021099 a prime number?
False
Is 26264385421 a composite number?
False
Is 48878515457 a prime number?
False
Is 1115958587 prime?
False
Is 42883405021 composite?
True
Is 25477433881 composite?
True
Is 6484938115 composite?
True
Is 666060721 a composite number?
False
Is 1328181531 a composite number?
True
Is 1493038462 prime?
False
Is 1533905831 prime?
False
Is 6555194111 a composite number?
True
Is 102030702841 a composite number?
True
Is 41462586533 prime?
True
Is 2794077971 a composite number?
False
Is 1016679973 a prime number?
False
Is 6946639417 a composite number?
True
Is 178465701859 composite?
False
Is 735243317 prime?
False
Is 20434295683 composite?
False
Is 211469567 a composite number?
True
Is 354202397 composite